{"id":36,"date":"2026-01-11T16:21:51","date_gmt":"2026-01-11T16:21:51","guid":{"rendered":"https:\/\/www.heilpraktikerin-grit-eggert.de\/?page_id=36"},"modified":"2026-01-11T16:23:41","modified_gmt":"2026-01-11T16:23:41","slug":"biographie","status":"publish","type":"page","link":"https:\/\/www.heilpraktikerin-grit-eggert.de\/?page_id=36","title":{"rendered":"Biographie"},"content":{"rendered":"\n<div class=\"wp-block-group is-nowrap is-layout-flex wp-container-core-group-is-layout-ad2f72ca wp-block-group-is-layout-flex\">\n<figure class=\"wp-block-image size-full\"><img loading=\"lazy\" decoding=\"async\" width=\"1274\" height=\"1657\" src=\"https:\/\/www.heilpraktikerin-grit-eggert.de\/wp-content\/uploads\/2026\/01\/20170425_142902-2.jpg\" alt=\"\" class=\"wp-image-41\" srcset=\"https:\/\/www.heilpraktikerin-grit-eggert.de\/wp-content\/uploads\/2026\/01\/20170425_142902-2.jpg 1274w, https:\/\/www.heilpraktikerin-grit-eggert.de\/wp-content\/uploads\/2026\/01\/20170425_142902-2-231x300.jpg 231w, https:\/\/www.heilpraktikerin-grit-eggert.de\/wp-content\/uploads\/2026\/01\/20170425_142902-2-787x1024.jpg 787w, https:\/\/www.heilpraktikerin-grit-eggert.de\/wp-content\/uploads\/2026\/01\/20170425_142902-2-768x999.jpg 768w, https:\/\/www.heilpraktikerin-grit-eggert.de\/wp-content\/uploads\/2026\/01\/20170425_142902-2-1181x1536.jpg 1181w\" sizes=\"auto, (max-width: 706px) 89vw, (max-width: 767px) 82vw, 740px\" \/><\/figure>\n\n\n\n<p>Ich bin 1965 geboren und seit&nbsp;<strong>1985 staatlich examinierte Krankenschwester<\/strong>. \u00dcberwiegend war ich im Intensivmedizinischen Bereich t\u00e4tig und habe seit&nbsp;<strong>1997 auch die Zusatzausbildung zur Intensivpflege<\/strong>. Nebenbei besch\u00e4ftigten mich schon immer auch alternative Heilmethoden, denn die Schulmedizin brachte mich so manches mal zum Nachdenken. <\/p>\n<\/div>\n\n\n\n<p>Ph\u00e4nomene wie Akupunktur und Meridiane, Reflexzonen und Reiki zogen mich immer mehr in ihren Bann. Die<strong>&nbsp;Pr\u00fcfung zur Heilpraktikerin&nbsp;<\/strong>bestand ich im&nbsp;<strong>April 2005<\/strong>. <\/p>\n\n\n\n<p>Ich bin noch immer teilweise auf einer Intensivstation t\u00e4tig und arbeite den anderen Teil als Heilpraktikerin.<\/p>\n\n\n\n<h2 class=\"wp-block-heading\">Ich strebe ein harmonisches miteinander schulmedizinischer und naturheilkundlicher Methoden an, also einen ganzheitlichen Therapieansatz.<\/h2>\n\n\n\n<p>Aus diesem Grund sind Termine und Hausbesuche zu unterschiedlichsten Zeiten nach Vereinbarung m\u00f6glich.<\/p>\n\n\n\n<p><\/p>\n","protected":false},"excerpt":{"rendered":"<p>Ich bin 1965 geboren und seit&nbsp;1985 staatlich examinierte Krankenschwester. \u00dcberwiegend war ich im Intensivmedizinischen Bereich t\u00e4tig und habe seit&nbsp;1997 auch die Zusatzausbildung zur Intensivpflege. Nebenbei besch\u00e4ftigten mich schon immer auch alternative Heilmethoden, denn die Schulmedizin brachte mich so manches mal zum Nachdenken. Ph\u00e4nomene wie Akupunktur und Meridiane, Reflexzonen und Reiki zogen mich immer mehr in &hellip; <\/p>\n<p class=\"link-more\"><a href=\"https:\/\/www.heilpraktikerin-grit-eggert.de\/?page_id=36\" class=\"more-link\"><span class=\"screen-reader-text\">\u201eBiographie\u201c <\/span>weiterlesen<\/a><\/p>\n","protected":false},"author":1,"featured_media":0,"parent":0,"menu_order":0,"comment_status":"closed","ping_status":"closed","template":"","meta":{"footnotes":""},"class_list":["post-36","page","type-page","status-publish","hentry"],"_links":{"self":[{"href":"https:\/\/www.heilpraktikerin-grit-eggert.de\/index.php?rest_route=\/wp\/v2\/pages\/36","targetHints":{"allow":["GET"]}}],"collection":[{"href":"https:\/\/www.heilpraktikerin-grit-eggert.de\/index.php?rest_route=\/wp\/v2\/pages"}],"about":[{"href":"https:\/\/www.heilpraktikerin-grit-eggert.de\/index.php?rest_route=\/wp\/v2\/types\/page"}],"author":[{"embeddable":true,"href":"https:\/\/www.heilpraktikerin-grit-eggert.de\/index.php?rest_route=\/wp\/v2\/users\/1"}],"replies":[{"embeddable":true,"href":"https:\/\/www.heilpraktikerin-grit-eggert.de\/index.php?rest_route=%2Fwp%2Fv2%2Fcomments&post=36"}],"version-history":[{"count":5,"href":"https:\/\/www.heilpraktikerin-grit-eggert.de\/index.php?rest_route=\/wp\/v2\/pages\/36\/revisions"}],"predecessor-version":[{"id":44,"href":"https:\/\/www.heilpraktikerin-grit-eggert.de\/index.php?rest_route=\/wp\/v2\/pages\/36\/revisions\/44"}],"wp:attachment":[{"href":"https:\/\/www.heilpraktikerin-grit-eggert.de\/index.php?rest_route=%2Fwp%2Fv2%2Fmedia&parent=36"}],"curies":[{"name":"wp","href":"https:\/\/api.w.org\/{rel}","templated":true}]}}